101100011011000000
In base 9, what is -47 + 3256613?
3256555
In base 13, what is -5 + -334568a0?
-334568a5
In base 5, what is 320 + 14021301?
14022121
In base 16, what is 1c + -52ca28?
-52ca0c
In base 12, what is 1 - -711925a?
711925b
In base 2, what is 1100111 - -10100101100000000101?
10100101100001101100
In base 8, what is -41 - 311511?
-311552
In base 4, what is 12222221 - 1103?
12221112
In base 10, what is -1 + 6552443?
6552442
In base 7, what is -1123453330 - -5?
-1123453322
In base 11, what is 1 - 102410167?
-102410166
In base 7, what is -602 + 266651?
266046
In base 3, what is -202 - 101002011020202?
-101002011021111
In base 13, what is -2 - 90943a7?
-90943a9
In base 13, what is 5 + -1c0099?
-1c0094
In base 13, what is 4b60578 + c?
4b60587
In base 10, what is -357969 + -1455?
-359424
In base 16, what is -5 + e1e48b9?
e1e48b4
In base 3, what is 120012 - 1212112002?
-1211221220
In base 5, what is -33 + -2214221032?
-2214221120
In base 14, what is -4d - -33674?
33625
In base 8, what is 17 - 1567267?
-1567250
In base 9, what is -8561154 + 13?
-8561141
In base 6, what is 125033021 + -13?
125033004
In base 9, what is 53 + -534758?
-534705
In base 2, what is 10010111101 - 110011111011?
-100000111110
In base 8, what is -1446 - -2551?
1103
In base 5, what is 303441012 - 10?
303441002
In base 2, what is -1100000101001111100 - 100010110011?
-1100001001100101111
In base 10, what is -11448 + -7714?
-19162
In base 4, what is -300321100002311 + -2?
-300321100002313
In base 16, what is 3 - 1e0f0ef?
-1e0f0ec
In base 2, what is 10011101000000000110100 + 10?
10011101000000000110110
In base 11, what is -250 - 37009?
-37259
In base 15, what is -3 - -1a97de5?
1a97de2
In base 6, what is -4 + 10423111?
10423103
In base 9, what is -2378317 - -380?
-2377827
In base 12, what is 181 + -2497?
-2316
In base 9, what is -40582 - -4246?
-35335
In base 10, what is -287495619 - 1?
-287495620
In base 3, what is 202222011012101200 - -12?
202222011012101212
In base 12, what is -44403 - -3aa?
-44015
In base 9, what is -327 - 413564?
-414002
In base 11, what is -20446 + 13?
-20433
In base 14, what is 204431 - -6?
204437
In base 4, what is -2013 + 2233100300?
2233032221
In base 8, what is -35762 - 7522?
-45504
In base 4, what is 3 + 33300222311?
33300222320
In base 9, what is 5 - -36423618?
36423624
In base 15, what is 16815 - 109?
1670b
In base 14, what is 9 - 273196?
-27318b
In base 9, what is -1 + 106513053?
106513052
In base 10, what is 36674512 - -14?
36674526
In base 14, what is -3a + 9407?
93ab
In base 16, what is -4 - 16c03f2b?
-16c03f2f
In base 7, what is 4 - -10255321?
10255325
In base 10, what is -5 + -24954864?
-24954869
In base 13, what is a23cc1 - 5?
a23cb9
In base 14, what is 1bda + c33?
2a2d
In base 12, what is -7 + -13648412?
-13648419
In base 11, what is -1 + 2543488?
2543487
In base 12, what is -5 + -1103b13?
-1103b18
In base 16, what is -1 + -2c7cda6?
-2c7cda7
In base 14, what is 1c4 + -178da5?
-178bc1
In base 5, what is 22041120 + -121?
22040444
In base 3, what is -2111020 - 2011200200?
-2021011220
In base 11, what is 4 - -460136?
46013a
In base 15, what is 24bc0d3 - -c?
24bc0e0
In base 3, what is -20100100012021 - 21?
-20100100012112
In base 13, what is -535 - 106736?
-106c6b
In base 9, what is 8101763 + 1?
8101764
In base 2, what is -10 - -100111111011101110100110100?
100111111011101110100110010
In base 4, what is -130011020213 - -2?
-130011020211
In base 7, what is -6 - -33150246?
33150240
In base 6, what is 3 + 3003541012?
3003541015
In base 6, what is -21352455 - -540?
-21351515
In base 8, what is -1453 - 5055?
-6530
In base 12, what is 4 + -32b95?
-32b91
In base 12, what is 5 - 45b900?
-45b8b7
In base 5, what is 2010 - 100133141?
-100131131
In base 6, what is -100 + 2402530?
2402430
In base 7, what is 1 - 34251655?
-34251654
In base 9, what is -4 + -15175465?
-15175470
In base 7, what is 54363 - 11351?
43012
In base 5, what is 30233102030 - 10?
30233102020
In base 16, what is 307cac + -9?
307ca3
In base 4, what is 1210233130 + 30022?
1210323212
In base 3, what is 121212022 + 1220020022?
2112002121
In base 4, what is -1112 + -111103221023?
-111103222201
In base 7, what is -12614243 - -30?
-12614213
In base 9, what is 444 - 27088?
-26544
In base 6, what is 2114 + 152503?
155021
In base 16, what is 7ec + 1cf21?
1d70d
In base 13, what is 1 + -2b9985?
-2b9984
In base 11, what is -539 - 255?
-793
In base 15, what is -67 - -164b?
15d4
In base 3, what is 10012 - 12011211100?
-12011201011
In base 14, what is 2bc2d4 - b?
2bc2c7
In base 14, what is 4b - 31a619?
-31a5ac
In base 7, what is 10216464513 + -1?
10216464512
In base 8, what is 17 + 3272627?
3272646
In base 5, what is 3420334 - 21230?
3344104
In base 6, what is 23434 + -54140?
-30302
In base 10, what is -5794361 + -52?
-5794413
In base 14, what is -513c0b8 + 5?
-513c0b3
In base 9, what is 22786 - 743?
22043
In base 14, what is 222964 + -16?
22294c
In base 11, what is -2571 - -9559?
6a98
In base 9, what is -184162 + -3?
-184165
In base 10, what is -1266320 - 41?
-1266361
In base 6, what is -1155005441 - 21?
-1155005502
In base 12, what is -1166 - 420?
-1586
In base 5, what is -113032131101 - 21?
-113032131122
In base 10, what is 24 - 23956?
-23932
In base 9, what is -4 - -5384771?
5384766
In base 9, what is 2 - 157720431?
-157720428
In base 4, what is -1 - 1001123112110?
-1001123112111
In base 16, what is 476e + -114?
465a
In base 11, what is 6 - 304a4aa?
-304a4a4
In base 3, what is 120 - 2222100212221?
-2222100212101
In base 10, what is -296821 - -9?
-296812
In base 4, what is 10 - 11200233033?
-11200233023
In base 8, what is -310 - -635567?
635257
In base 11, what is -2495 - -369?
-2127
In base 14, what is 4b - 313c010?
-313bda3
In base 2, what is -101011 - -101010110010000?
101010101100101
In base 4, what is -133213 + 1022323331?
1022130112
In base 6, what is -4235155 - 112?
-4235311
In base 9, what is -3 + 124132836?
124132833
In base 16, what is -203 - -608a?
5e87
In base 15, what is 5dc385c - 2?
5dc385a
In base 11, what is 73601582 - -3?
73601585
In base 15, what is 1b - 93c99?
-93c7d
In base 6, what is -104442 - 24525?
-133411
In base 7, what is -4 + 62664562?
62664555
In base 8, what is 4 + -700634?
-700630
In base 16, what is f0a - -1fe21?
20d2b
In base 10, what is -10191968 + -3?
-10191971
In base 12, what is 433b99 + -120?
433a79
In base 14, what is 11c83 + 39?
11cbc
In base 4, what is 30130030122 + 233?
30130031021
In base 10, what is 16 + 326453?
326469
In base 8, what is 406630 - 2?
406626
In base 16, what is -1a75e76 - -b?
-1a75e6b
In base 11, what is 116082006 + -5?
116082001
In base 14, what is 15 + -14da71?
-14da5a
In base 13, what is -2117 + -3cca1?
-420b8
In base 5, what is -114 - 3120342?
-3121011
In base 9, what is -4 + -6420517?
-6420522
In base 8, what is 31274 + -10034?
21240
In base 14, what is 39c1a - 21d?
399db
In base 11, what is -50a96 - 5206?
-561a1
In base 6, what is 2 - -14451322150?
14451322152
In base 2, what is -100111101001001001111000 + -11100?
-100111101001001010010100
In base 8, what is 634564 + -63?
634501
In base 3, what is -112012020002212 + -111?
-112012020010100
In base 11, what is -5650 - 5841?
-10391
In base 12, what is 1b91259 + 2?
1b9125b
In base 14, what is 12d993 - -1a?
12d9ad
In base 15, what is 86b17 - 106?
86a11
In base 3, what is 202122221012112 - -12?
202122221012201
In base 7, what is 31415 + 6443?
41161
In base 12, what is 29 + -47509?
-474a0
In base 7, what is 11050 - 1406400?
-1365320
In base 14, what is 3d94dbc - 0?
3d94dbc
In base 12, what is -361 - -10900?
1055b
In base 10, what is 104045 + -2500?
101545
In base 7, what is 356104 + -24266?
331505
In base 13, what is -5a7b7 + ac?
-5a708
In base 4, what is -3120 + 2112002032?
2111332312
In base 15, what is 17 - 1168a?
-11673
In base 15, what is 11 - -432064e?
4320660
In base 15, what is -7246 - 584?
-77ca
In base 14, what is -ac68 + -82?
-ad0a
In base 6, what is -13414 + -3440154?
-3454012
In base 9, what is 4 - -4433573?
4433577
In base 2, what is -1011100110000 - 100001000010011?
-101100101000011
In base 3, what is -11100210221002 - 10?
-11100210221012
In base 8, what is -1 + 140264251?
140264250
In base 7, what is 124553 + -6064?
115456
In base 4, what is 11 - -13101323020?
13101323031
